to base 6
34324
What is 2402 (base 11) in base 8?
6114
Convert 1506 (base 9) to base 15.
510
Convert -3 (base 16) to base 15.
-3
Convert 1321012 (base 4) to base 11.
5906
What is -87c5 (base 13) in base 11?
-13240
-105112 (base 7) to base 10
-18580
Convert 599c (base 13) to base 3.
122022222
What is -3912 (base 10) in base 13?
-1a1c
Convert -22333 (base 4) to base 5.
-10303
Convert -aa2 (base 13) to base 2.
-11100011110
Convert -566 (base 15) to base 10.
-1221
Convert 1331 (base 10) to base 12.
92b
-5543 (base 8) to base 10
-2915
Convert -652 (base 8) to base 15.
-1d6
What is -1330020 (base 4) in base 11?
-5a72
-1323000 (base 4) to base 2
-1111011000000
Convert -235 (base 14) to base 15.
-1e4
Convert 81581 (base 9) to base 14.
157d5
Convert -130 (base 6) to base 8.
-66
Convert -75a (base 11) to base 13.
-552
Convert 767c (base 13) to base 3.
211121222
3643 (base 9) to base 8
5230
What is -1011010010001000 (base 2) in base 11?
-317a5
-200202222 (base 3) to base 7
-54623
Convert 1103233 (base 4) to base 13.
2593
Convert 267 (base 10) to base 8.
413
Convert 101010111 (base 2) to base 16.
157
Convert 3690 (base 16) to base 13.
6486
5240 (base 11) to base 5
210231
Convert -4359 (base 13) to base 7.
-36213
What is c9a4 (base 13) in base 7?
144455
Convert 20024 (base 5) to base 11.
a4a
14313 (base 7) to base 15
1270
-49f (base 16) to base 9
-1554
Convert -35b (base 12) to base 10.
-503
What is -c11 (base 13) in base 3?
-2210122
What is 574 (base 9) in base 6?
2104
What is -220122100 (base 3) in base 6?
-215100
What is 22241 (base 6) in base 11?
2388
Convert -11155 (base 9) to base 16.
-1cfd
-12c5 (base 16) to base 6
-34125
Convert -91a (base 14) to base 11.
-1386
Convert 31303 (base 5) to base 10.
2078
What is 12020012 (base 3) in base 15?
11e2
Convert 111022022 (base 3) to base 2.
10010111100101
What is -2055 (base 10) in base 13?
-c21
What is 10202 (base 6) in base 4?
111122
Convert 2801 (base 13) to base 7.
22520
134 (base 12) to base 4
2320
What is -10212222 (base 3) in base 9?
-3788
Convert -2b0b (base 13) to base 5.
-200024
Convert 10480 (base 11) to base 6.
154233
What is -11134 (base 5) in base 13?
-491
-a560 (base 11) to base 8
-33235
Convert -f11 (base 16) to base 9.
-5255
Convert -434403 (base 5) to base 10.
-14978
Convert 10000111010001 (base 2) to base 16.
21d1
What is 1010000000000101 (base 2) in base 4?
22000011
2a1 (base 13) to base 11
397
20c (base 14) to base 2
110010100
-131222 (base 4) to base 8
-3552
Convert 4433 (base 5) to base 12.
436
Convert 106750 (base 9) to base 10.
64035
What is -100101111 (base 3) in base 15?
-2064
What is 5dd (base 15) in base 10?
1333
Convert -2132 (base 5) to base 7.
-565
2741a (base 12) to base 4
31032112
71bb (base 14) to base 11
13780
3f (base 16) to base 12
53
What is 4075 (base 9) in base 3?
11002112
What is 1100001 (base 2) in base 16?
61
What is -54 (base 6) in base 14?
-26
829 (base 12) to base 14
609
993 (base 10) to base 12
6a9
1443 (base 7) to base 11
479
Convert 10221 (base 10) to base 11.
7752
Convert -267 (base 15) to base 9.
-667
-310 (base 6) to base 7
-222
What is -323 (base 7) in base 9?
-202
What is -518 (base 9) in base 11?
-354
-30477 (base 9) to base 10
-20077
236 (base 15) to base 3
200120
3405 (base 6) to base 5
11142
-db5 (base 14) to base 3
-10201021
What is 21006 (base 7) in base 16?
141f
Convert 1246 (base 14) to base 7.
12216
What is -13120 (base 4) in base 9?
-574
Convert 21620 (base 7) to base 10.
5453
What is -1647 (base 13) in base 9?
-4433
Convert -4743 (base 9) to base 4.
-313002
Convert 245a9 (base 11) to base 3.
1210110112
Convert 20202 (base 4) to base 13.
330
Convert -120034 (base 6) to base 16.
-2896
What is 267 (base 11) in base 9?
380
What is 2022120 (base 3) in base 7?
4632
20f2 (base 16) to base 4
2003302
What is 340 (base 11) in base 9?
502
Convert 101022 (base 5) to base 6.
23034
3c45 (base 16) to base 14
58a1
Convert 756 (base 8) to base 15.
22e
Convert -10010101000000000 (base 2) to base 11.
-52353
What is 6353 (base 7) in base 2?
100011000011
What is 22111211 (base 4) in base 12?
20605
What is 11011100000 (base 2) in base 14?
8da
14353 (base 7) to base 14
162a
20035 (base 10) to base 16
4e43
1a107 (base 11) to base 2
110110110101111
-1000 (base 9) to base 13
-441
-333 (base 13) to base 9
-670
3aa (base 12) to base 9
684
1330 (base 9) to base 16
3e7
10110010001 (base 2) to base 4
112101
Convert 16562 (base 7) to base 2.
1001010001100
What is -44 (base 11) in base 13?
-39
Convert 1001 (base 4) to base 12.
55
Convert 1d5 (base 15) to base 7.
1145
Convert -23976 (base 11) to base 9.
-52224
Convert 531 (base 9) to base 12.
301
What is -45a (base 12) in base 11?
-538
What is -2323313 (base 4) in base 11?
-9040
Convert -17e (base 15) to base 8.
-530
-2392 (base 11) to base 16
-c36
-13544 (base 7) to base 15
-1172
What is 1100111110 (base 2) in base 15?
3a5
What is 13013003 (base 4) in base 6?
342455
What is -260d (base 15) in base 3?
-102010111
Convert -1085 (base 9) to base 2.
-1100100110
What is -b3b9 (base 12) in base 9?
-28766
24031 (base 5) to base 8
3346
Convert 1110011011010010 (base 2) to base 7.
334163
1000101 (base 2) to base 6
153
What is -263 (base 7) in base 5?
-1033
What is -20244 (base 7) in base 11?
-3784
3375 (base 8) to base 7
5134
1000101110101 (base 2) to base 12
2705
55 (base 8) to base 9
50
Convert -343a (base 13) to base 7.
-30221
What is -13320322 (base 4) in base 10?
-32314
1110010001 (base 2) to base 10
913
-1747 (base 10) to base 14
-8cb
What is -43337 (base 10) in base 2?
-1010100101001001
What is 3730 (base 8) in base 7?
5566
3135 (base 7) to base 14
58c
What is 110304 (base 5) in base 10?
3829
Convert -284d (base 16) to base 4.
-2201031
Convert -818 (base 11) to base 6.
-4323
What is -12122122 (base 3) in base 13?
-1b50
-776 (base 8) to base 11
-424
What is -366 (base 11) in base 16?
-1b3
Convert -3333 (base 14) to base 8.
-21241
bb2 (base 13) to base 8
3724
Convert -1240 (base 13) to base 6.
-15551
Convert -29b5 (base 12) to base 16.
-1319
2021 (base 3) to base 10
61
-20d7 (base 15) to base 8
-15450
What is -3000130 (base 4) in base 12?
-7164
Convert -21202 (base 4) to base 13.
-37c
What is 67a (base 15) in base 13?
889
-db1 (base 14) to base 6
-20303
Convert -100010110011 (base 2) to base 9.
-3044
What is -3151 (base 11) in base 14?
-173c
Convert -21012221 (base 3) to base 2.
-1010010001111
Convert 11101000111 (base 2) to base 10.
1863
-4031 (base 8) to base 14
-a81
11166 (base 11) to base 12
9431
What is a594 (base 12) in base 3?
220211211
What is -443 (base 10) in base 8?
-673
Convert 123313 (base 5) to base 8.
11341
Convert -203a (base 13) to base 9.
-6076
Convert 1ae5 (base 15) to base 13.
2873
-3222 (base 6) to base 8
-1336
-139ad (base 15) to base 16
-f5da
-13230 (base 6) to base 3
-2210100
-cd2 (base 14) to base 13
-1201
Convert 1a985 (base 11) to base 6.
342513
What is -aa88 (base 11) in base 14?
-5480
What is -a7 (base 13) in base 2?
-10001001
243 (base 13) to base 3
112120
Convert 111011000 (base 3) to base 4.
2111301
What is -2132 (base 10) in base 4?
-201110
177 (base 10) to base 2
10110001
What is 2010112 (base 3) in base 14?
7cd
What is -1132432 (base 5) in base 4?
-11020000
Convert 111111 (base 3) to base 9.
444
Convert 120100 (base 3) to base 13.
25b
Convert -5415 (base 10) to base 15.
-1910
1e8 (base 15) to base 6
2015
What is 569 (base 14) in base 16?
431
Convert 123355 (base 6) to base 4.
2232113
Convert -1101 (base 4) to base 12.
-69
-21300 (base 5) to base 16
-5aa
What is -220 (base 11) in base 15?
-129
What is -60763 (base 8) in base 15?
-766a
Convert 199 (base 15) to base 12.
269
Convert -73b (base 12) to base 13.
-632
310200 (base 4) to base 5
101420
Convert 6526 (base 13) to base 12.
8177
-188b (base 12) to base 15
-d42
Convert 15064 (base 8) to base 10.
6708
-87 (base 12) to base 16
-67
What is 5824 (base 9) in base 6?
31551
705 (base 13) to base 4
102210
What is 240125 (base 6) in base 5?
1131124
-1152 (base 6) to base 2
-100011100
-4045 (base 10) to base 15
-12ea
What is 1100000 (base 2) in base 4?
1200
Convert -1421 (base 6) to base 13.
-229
Convert 10000010111010010 (base 2) to base 15.
14cd6
Convert -12fa (base 16) to base 12.
-298a
Convert -1401320 (base 5) to base 16.
-6eaf
Convert -283 (bas